Let z(l) = l**2 + 291*l + 19581. Determine z(-186).
51
Let b(o) = o**3 - 88*o**2 - 1135*o + 53636. Determine b(94).
-38
Let t(m) = 50*m**2 - 132*m + 454. Determine t(3).
508
Let x(z) = z**2 - 73*z - 17103. Calculate x(-100).
197
Let b(l) = -l**3 + 324*l**2 + 4388*l - 2847. Calculate b(337).
-488
Let v(b) = 2615*b + 1100922. Give v(-421).
7
Let z(i) = 859*i**2 - 4042*i - 1277. What is z(5)?
-12
Let x(g) = -g**3 - 190*g**2 + 1370*g - 865. What is x(-197)?
908
Let k(h) = 9552*h - 1022042. Calculate k(107).
22
Let a(f) = -f**3 + 109*f**2 + 9009*f + 1778. Give a(164).
-26
Let o(n) = n**2 + 2173*n + 45255. What is o(-21)?
63
Let f(q) = -18388*q + 18394. Calculate f(1).
6
Let h(x) = 299*x**2 + 1564*x + 301. What is h(-5)?
-44
Let v(j) = 97*j + 7992. Give v(-67).
1493
Let o(c) = -4*c**2 + 38*c - 144. Determine o(6).
-60
Let y(j) = -2*j**2 + 1636*j - 6553. Determine y(4).
-41
Let h(p) = p**2 + 5896797*p - 47174441. Give h(8).
-1
Let f(c) = -244*c - 4927. Determine f(-22).
441
Let h(w) = -1415901*w - 11327211. Determine h(-8).
-3
Let w(b) = -3*b**3 - 79*b**2 - 346*b - 8316. Determine w(-26).
4
Let k(h) = 34163*h + 136619. Give k(-4).
-33
Let t(q) = -57*q**3 - 443*q**2 + 119*q + 353. What is t(-8)?
233
Let v(q) = 106*q**2 + 910*q + 142. Give v(-8).
-354
Let i(d) = -11011*d + 539603. Give i(49).
64
Let m(y) = 7454*y - 395064. Give m(53).
-2
Let y(l) = 6*l**2 + 551921*l - 551922. What is y(1)?
5
Let q(t) = 9*t**2 - 347*t - 3214. Give q(48).
866
Let g(d) = 15077*d - 60264. What is g(4)?
44
Let r(s) = 2*s**2 + 582*s + 990. Determine r(-289).
-166
Let o(t) = 211*t**2 - 152*t - 495. Determine o(-3).
1860
Let l(q) = 708431*q - 21252926. Give l(30).
4
Let h(n) = 3797*n - 1370704. Determine h(361).
13
Let k(d) = d**2 - 25*d + 99. Calculate k(-11).
495
Let z(k) = -2*k**3 - 124*k**2 + 456*k + 4316. Calculate z(-65).
26
Let y(z) = 414*z - 20191. What is y(50)?
509
Let q(w) = -25*w**3 - 289*w**2 - 291*w - 16. Give q(-1).
11
Let i(w) = -w**2 - 2230*w - 37609. Calculate i(-17).
12
Let a(b) = -4*b**3 + 15*b**2 + 35*b - 112. Determine a(5).
-62
Let r(h) = -2911*h + 52433. Give r(18).
35
Let k(j) = -466*j + 10476. Calculate k(21).
690
Let b(f) = -f**3 - 20*f**2 + 463*f + 7879. Give b(-18).
-1103
Let w(u) = u**3 - 156*u**2 - 311*u - 783. Calculate w(158).
7
Let a(l) = 987*l + 71986. Give a(-73).
-65
Let h(v) = -v**3 + 2186*v**2 - 20*v - 1. Determine h(0).
-1
Let y(o) = -233195*o + 22153527. Give y(95).
2
Let y(h) = -13*h**3 - 962*h**2 + 555*h + 41080. Calculate y(-74).
10
Let k(r) = 16*r**3 - 67*r**2 + 21*r - 31. Give k(4).
5
Let a(j) = -j**3 - 28*j**2 - 3731*j - 100273. What is a(-27)?
-265
Let x(j) = -173*j**2 - 31*j - 24. Calculate x(-1).
-166
Let s(a) = a**3 + 196*a**2 + 8*a + 1928. Determine s(-196).
360
Let k(o) = 3233*o + 148553. What is k(-46)?
-165
Let y(n) = -n**3 + 212*n**2 + 1012*n + 576. Calculate y(-4).
-16
Let a(m) = 12*m**3 + 87*m**2 + 346*m + 2476. Give a(-7).
201
Let o(z) = 726*z - 98006. Give o(135).
4
Let d(j) = 10*j**2 - 397*j - 6446. Determine d(52).
-50
Let u(a) = 1558*a + 191634. What is u(-123)?
0
Let p(v) = 64*v**3 - 5*v**2 + 797*v - 794. Calculate p(1).
62
Let w(k) = 5693*k + 5768. Give w(-1).
75
Let w(i) = 10*i**3 + 52*i**2 + 14*i + 6. Give w(-6).
-366
Let k(x) = -x**3 + 119*x**2 - 1373*x - 510. What is k(106)?
20
Let x(j) = -1708*j + 303722. Give x(178).
-302
Let s(t) = t**2 - 226*t - 2499. Give s(-10).
-139
Let m(w) = -174532*w - 7155813. What is m(-41)?
-1
Let z(r) = r**3 - 55*r**2 - 435*r + 1. What is z(-7)?
8
Let b(f) = -3256*f + 9833. Calculate b(3).
65
Let h(g) = 446*g + 62509. Calculate h(-140).
69
Let m(n) = 302*n + 34417. Calculate m(-112).
593
Let b(t) = 2*t**3 + 125*t**2 + 820*t - 64. Give b(-7).
-365
Let l(s) = 1989668*s + 5969005. Give l(-3).
1
Let o(u) = 190816*u - 1717382. Determine o(9).
-38
Let n(f) = -6*f**3 + 32*f**2 + 18*f + 9. Calculate n(6).
-27
Let s(h) = -24856*h + 248114. What is s(10)?
-446
Let m(l) = -4879*l - 38882. Calculate m(-8).
150
Let v(o) = -2*o**3 + 15*o**2 + 30*o - 21. What is v(9)?
6
Let c(w) = 44*w**2 + 735*w + 1205. Determine c(-15).
80
Let h(o) = -39529*o - 158230. What is h(-4)?
-114
Let m(g) = 15907*g - 206221. Give m(13).
570
Let s(q) = -2011*q**2 + 12774*q + 9121. Calculate s(7).
0
Let d(g) = 45*g + 1416. Give d(-32).
-24
Let b(p) = -2*p**3 + 764*p**2 - 774*p + 4592. Give b(381).
20
Let i(l) = -l**2 - 22*l + 20963. Calculate i(-162).
-1717
Let k(w) = -133*w + 6717. What is k(51)?
-66
Let k(u) = 1160*u**3 + 3*u**2 + 43*u + 41. Calculate k(-1).
-1159
Let u(i) = 12*i**2 - 19275*i + 1. Give u(0).
1
Let j(d) = -d**3 + 41*d**2 + 1062*d - 44388. Determine j(39).
72
Let c(r) = 46*r**2 - 523*r - 977. Give c(13).
-2
Let x(o) = -o**3 + 31*o**2 + 583*o - 510. What is x(44)?
-26
Let d(j) = 1211770*j - 7270612. Give d(6).
8
Let f(m) = -46*m**2 - 2898*m + 253. Give f(-63).
253
Let d(t) = 5*t**3 - 290*t**2 + 382*t - 5564. Give d(57).
-35
Let h(y) = 7190*y + 122264. Give h(-17).
34
Let n(v) = 4799*v - 72039. What is n(15)?
-54
Let z(h) = -4*h**2 - 372805*h + 745606. Determine z(2).
-20
Let g(s) = -16*s**3 + 769*s**2 - 47*s - 108. What is g(48)?
-60
Let a(c) = c**2 - 6564*c + 124354. Determine a(19).
-1
Let j(x) = -2*x**3 + 29*x**2 - 128*x + 1212. Calculate j(11).
651
Let x(j) = -2*j**3 - 5079*j**2 + 45880*j - 52. Give x(9).
11
Let z(h) = 4434*h - 425656. Calculate z(96).
8
Let b(w) = -w**3 + 91*w**2 - 483*w - 66148. Calculate b(42).
2
Let t(x) = -x**3 - 20*x**2 + 20*x + 7. Calculate t(-9).
-1064
Let l(w) = 73844*w - 1033820. Calculate l(14).
-4
Let l(z) = -z**3 + 29*z**2 + 645*z - 204. Determine l(-15).
21
Let x(c) = 2*c**2 + 5063*c - 226655. What is x(44)?
-11
Let b(q) = -q**2 + 2068*q - 153283. Give b(77).
24
Let j(n) = n**3 - 523*n**2 + 6131*n + 579. Determine j(511).
68
Let u(r) = r**3 - 6*r**2 - 1853*r - 6882. Calculate u(-38).
-4
Let v(x) = 45*x**2 - 8*x + 14. Determine v(2).
178
Let i(s) = 3*s**3 + 163*s**2 - 409*s + 2681. What is i(-57)?
2
Let m(y) = -y**3 + 503*y**2 - 5367*y - 22164. Calculate m(492).
-24
Let q(j) = -2*j**2 - 5203*j + 136546. Give q(26).
-84
Let w(u) = 151*u + 3666. Determine w(-24).
42
Let v(c) = -51863*c + 4149040. Give v(80).
0
Let x(k) = -7670*k - 521564. What is x(-68)?
-4
Let i(d) = -21*d**3 + 13*d**2 - 216*d + 212. Calculate i(1).
-12
Let o(l) = 9*l**3 + 13*l**2 + 73*l - 11. Determine o(-4).
-671
Let r(a) = a**3 - 25*a**2 + 453*a - 13461. Determine r(27).
228
Let i(c) = 740959*c + 9632464. Give i(-13).
-3
Let x(r) = -774755*r - 4648535. Give x(-6).
-5
Let h(v) = 9894*v - 504584. Calculate h(51).
10
Let l(g) = -g**3 - 17*g**2 - 78*g - 4966. Determine l(-23).
2
Let q(l) = -l**3 + 69*l**2 + 44*l - 3360. Give q(69).
-324
Let d(h) = 29160*h + 116619. Calculate d(-4).
-21
Let b(z) = -1013*z + 8992. What is b(10)?
-1138
Let m(j) = j**3 + 16*j**2 - 35*j - 24. Calculate m(-6).
546
Let j(p) = 12*p - 143. Determine j(-6).
-215
Let f(b) = 252*b - 3653. Calculate f(19).
1135
Let s(b) = 3*b**3 - 782*b**2 + 2837*b - 2573. What is s(257)?
-3
Let k(w) = -2*w**2 + 1601*w + 44687. What is k(-27)?
2
Let b(w) = -271*w - 506. Calculate b(8).
-2674
Let c(g) = -894*g + 9570. What is c(11)?
-264
Let m(r) = -3*r**3 - 4*r - 72. What is m(5)?
-467
Let n(i) = 284*i - 59013. Calculate n(183).
-7041
Let z(w) = 244*w - 15522. Give z(64).
94
Let d(r) = -17*r**2 + 796*r - 2905. Determine d(43).
-110
Let s(u) = -2*u**3 + 163*u**2 - 225*u - 1201. Give s(80).
-1
Let t(g) = 682*g - 29909. Determine t(44).
99
Let v(f) = 3476*f + 114719. Determine v(-33).
11
Let t(n) = -n**3 - 11*n**2 + 1012*n + 8136. Determine t(-8).
-152
Let n(u) = 1159905*u - 6959396. What is n(6)?
34
Let k(m) = 6677*m + 1228571. Give k(-184).
3
Let c(q) = -50*q + 1584. Calculate c(33).
-66
Let p(q) = q**3 - 17*q**2 - 2329*q + 37606. What is p(16)?
86
Let j(m) = 1133*m + 16945. What is j(-16)?
-1183
Let m(y) = -32*y**2 - 244*y + 1185. What is m(-11)?
-3
Let b(p) = -15*p**2 + 15039*p + 75581. Calculate b(-5).
11
Let x(q) = 34342*q - 137363. Determine x(4).
5
Let o(m) = 29*m**2 + 1207*m + 1795. Calculate o(-40).
-85
Let p(b) = -38*b**3 - 192*b**2 - 50*b - 219. What is p(-5)?
-19
Let b(k) = -2*k**3 - 5*k**2 + 107*k + 88. Give b(-8).
-64
Let h(q) = -4*q**3 - q**2 - 1047*q - 3154. Give h(-3).
86
Let t(g) = g**2 + 2738*g + 341530. What is t(-131)?
13
Let 